 3*i - 3*f - f. What is the units digit of -2 + i + (6 - 4)?
1
Let c = -28 + 32. Suppose -5*p - 58 - 12 = -v, -c*p = v - 52. What is the units digit of v?
0
Let r = 21 + -16. Suppose -4*i = 21 - r. What is the units digit of i/(-22) + 119/11?
1
Let x(g) = g**3 + 4*g**2 - 6*g - 3. Let j be x(-3). Suppose -j = -2*o - 2*c, -2*c = 3*o - 38 + 6. Suppose -4*h + o*h - 148 = 0. What is the units digit of h?
7
Suppose -3*z + 4*i + 15 = 2*z, z - i - 3 = 0. Suppose 13*k - 9 = 30. Suppose 4*o - z = k*o, 0 = 2*u - 4*o - 66. What is the units digit of u?
9
Let q be ((-24)/15)/(1/(-5)). Suppose 6*v = 3*v - t + 10, -5*t + q = v. Let j = v + 24. What is the tens digit of j?
2
What is the tens digit of -6*((-1505)/10 - 4)?
2
Let s be -1 + 0 - (-1 - 42). Suppose -30 = -d + s. Suppose 2*y - 78 = -5*a + 5*y, 5*a = -3*y + d. What is the tens digit of a?
1
What is the tens digit of (1287/12)/((-5)/(-160)*12)?
8
Let u(y) = 4*y - 5. Let o be u(-5). What is the units digit of (2160/o)/(-6)*5?
2
Let u be (-1 - (4 + -2))*(-32)/12. What is the units digit of u/40 + 9/5?
2
Suppose -7*a - 1234 = 2672. Let i = a - -818. What is the tens digit of i?
6
Let x(h) be the third derivative of -h**4/3 + 4*h**3/3 + 3*h**2. Let t be x(10). Let b = -38 - t. What is the tens digit of b?
3
What is the tens digit of 1628/5 + 52/130?
2
Let v(u) = 22*u + 7. Let r = -139 + 147. What is the units digit of v(r)?
3
Suppose 8*n - 15 = 3*n. Suppose n*i = -0*i - 12. What is the units digit of i/14 - 615/(-21)?
9
Suppose -5*n - 18 = 3*b, 3*b - n + 2 = -2*b. Let s be 2 + b - (-4 - -1). Suppose 0*r = s*r - 24. What is the units digit of r?
6
Let p = 1073 - -1011. What is the hundreds digit of p?
0
Let y = -60 - -60. Suppose 5*j + 525 = 3*v + 134, y = -2*v - 2*j + 250. What is the tens digit of v?
2
Let z be 3*3/(-9) - 0/(-2). Let a(h) = -13*h**3 + h + 1. What is the units digit of a(z)?
3
Let b(f) = 361*f + 5. What is the tens digit of b(1)?
6
Let o(g) = 153*g**2 - 8*g + 7. What is the units digit of o(1)?
2
Let o = -16 + -5. Let u = 48 + o. Let w = u + -13. What is the tens digit of w?
1
Let i = -983 + 2574. What is the tens digit of i?
9
Suppose 10*j + 509 = 11*j - c, 5*c = -3*j + 1519. What is the tens digit of j?
0
Suppose 49214 = 56*s - 17986. What is the units digit of s?
0
Let r = -73 + 78. What is the units digit of -5 + 248/1 + r?
8
Suppose -m + 15*z + 128 = 13*z, 536 = 4*m + 4*z. What is the tens digit of m?
3
Suppose -5*k - 2*b - 3*b + 30 = 0, -k = -b. Suppose -2*z = k*z - 35. What is the units digit of z?
7
Suppose 5*d = -56 + 1. Let r(i) = 4*i - 18. Let s be r(12). Let q = d + s. What is the units digit of q?
9
Suppose 0 = 5*z + 41 + 79. Let c be 0/(-1) - 1 - z. Suppose 36 = 3*m - 2*i, -2*m + c + 2 = -i. What is the units digit of m?
4
Suppose -y - 74 = 8. Let i = y - -210. What is the tens digit of i?
2
Suppose 1124 = 4*x - j, -4*j - 231 - 625 = -3*x. What is the units digit of x?
0
Let k be -2*5/10*-2. Suppose v - 81 = -k*v. What is the units digit of v?
7
Let h(s) = 316*s - 29. Let r be h(3). Suppose 5*u - r = 491. What is the tens digit of u?
8
Let p(r) = 14*r**3 + 67*r**2 + 18*r + 8. Let y(c) = -5*c**3 - 22*c**2 - 6*c - 3. Let d(a) = 6*p(a) + 17*y(a). What is the units digit of d(28)?
5
Let n(p) = 2*p + 4. Let f be n(-4). What is the units digit of (3/(-6))/(f/456)?
7
Let c(k) = 12*k**2 - 18*k - 33. What is the tens digit of c(-2)?
5
What is the units digit of (-1 - 3)*-12*7/2?
8
Let c = -154 + 302. What is the units digit of c?
8
Suppose -2*a - 3*a = 45. Let j = 234 + -255. Let d = a - j. What is the tens digit of d?
1
Let b be (-20)/(-170) + 336/34. Suppose 0 = -5*z + 5*q - b*q, -2*q = -3*z + 15. Suppose i = -z*r + 54 + 12, 3*i - 210 = 3*r. What is the tens digit of i?
6
Suppose -5*m = 4*x - 211, -4*m + 157 = -0*x + 3*x. Let v = 104 + x. What is the hundreds digit of v?
1
Suppose 14259 = 169*v - 148*v. What is the units digit of v?
9
What is the hundreds digit of 854 + (-4)/(-8)*4?
8
Suppose -3*q = -3, 11*q + 25 = 4*c + 8*q. What is the units digit of c?
7
Let v(y) = 3*y**2 + 30*y - 9. What is the units digit of v(-15)?
6
Let i(k) = -4*k + 2. Let h be i(-1). Let l be 646/12 + h/36. Let d = -24 + l. What is the units digit of d?
0
Suppose -2*w + 3*n = w - 21, n = -2*w + 5. Suppose w = 2*c, -c = -b + 2*c. What is the tens digit of 1 + 32 + -5 + b?
3
Suppose 21*v + 24321 = 32*v. What is the tens digit of v?
1
Suppose 4*t - 24 = -2*r, 9 + 23 = 2*r + 2*t. Suppose o + r = -4*o. Let i(q) = q + 5. What is the units digit of i(o)?
1
Suppose 3*r = 6*r + 4*y + 48, 4*y = -12. Let b be (-158)/r + (-2)/12. Let d = b + -10. What is the units digit of d?
3
Suppose -4*p - 16 = -0*p, -5*b + 3824 = -p. What is the tens digit of b?
6
Let p(v) = v**3 + 12*v**2 + 17*v - 20. Let q be 4/4 + 1 - 60/5. What is the tens digit of p(q)?
1
Suppose 2*g - 223 = 23. What is the tens digit of g?
2
What is the tens digit of (2 + -3)*461/(-1)?
6
Suppose 55*t + 1104 = 61*t. What is the tens digit of t?
8
Let f = 8 - 4. Let b(o) = 3*o**2 + 2*o + 2. What is the units digit of b(f)?
8
Suppose 0 = -r + 1 - 10. Let k = -26 - r. Let w = k + 59. What is the tens digit of w?
4
Suppose -6*w = -13*w + 28. What is the units digit of w?
4
Let h(c) = -19*c - 45. Let t(z) = -10*z - 21. Let a(x) = 1. Let b(o) = -2*a(o) + t(o). Let y(u) = -7*b(u) + 4*h(u). What is the tens digit of y(-8)?
2
Let d be (-2)/44*-62 - (-4)/22. What is the tens digit of d/((-6)/(-158)) + 1?
8
Let l(b) = b**3 + 8*b - 8. What is the hundreds digit of l(8)?
5
Suppose -6 - 2 = -3*l + p, -4*p = l - 7. Suppose l*y = 240 + 207. What is the tens digit of y?
4
Let f(h) = -7*h**2 - 253*h - 38. What is the thousands digit of f(-17)?
2
Suppose 190*s - 194*s = -2020. What is the units digit of s?
5
Let m = 4065 + -2813. What is the units digit of m?
2
Let q(l) be the second derivative of -19*l**3/6 - 3*l**2/2 - 7*l. What is the units digit of q(-4)?
3
Let o = -7 - -10. Suppose -4*b + 670 = b + o*u, 2*u = -3*b + 402. What is the units digit of b?
4
Let o(w) = -20 + 2*w**2 + 9 + 10 + 13*w + 7. What is the tens digit of o(-9)?
5
Suppose -20*k + 15*k = -450. What is the tens digit of k?
9
Let p(q) = 7*q**3 + q**2 + q + 1. Let v(h) = -3*h**3. Let s(c) = -2*p(c) - 5*v(c). What is the tens digit of s(6)?
3
Suppose -16 = -5*o + o. Suppose x = 1, 0 = -4*t - 3*x + o*x + 15. Suppose p - 88 = -3*w, 0*w + t*p + 144 = 4*w. What is the units digit of w?
1
What is the units digit of -2 - (-114)/60 - (-176564)/40?
4
Let r be ((-60)/48)/(1/(-4)). Suppose r*n - 4 - 1 = 0. What is the units digit of (28 - (n + -2)) + -1?
8
Let r = 36 + -20. Suppose 0*y + 4*y = r. Suppose 1 = -y*p - 11, -2*m + 54 = 4*p. What is the units digit of m?
3
Let q be 2/6 - 28/(-6). Let y(x) = -x**3 + 7*x**2 - 7*x + 6. Let c be y(6). Suppose -q*u = -c*u + 3*d - 32, 4*u - 33 = 5*d. What is the units digit of u?
7
Suppose -150*l = -153*l + 15642. What is the tens digit of l?
1
Let r(z) = -9 - z + 15 - 7. Let x be r(-5). Let v = x + 4. What is the units digit of v?
8
Suppose -m - 259 = 6*m. Let g = m - -42. What is the units digit of g?
5
Let y(n) = 7*n + 52. Let i be y(-7). Suppose a - 49 = -5*x, -i*a + 97 + 70 = -5*x. What is the units digit of a?
4
Suppose -23*s + 7*s + 22960 = 0. What is the units digit of s?
5
Suppose 2*v + v - 18 = 0. Let f(o) = -4*o**2 - 10 + 10*o - 3*o**2 + v*o**2. What is the units digit of f(8)?
6
Suppose 3*k + o - 18 = 0, 0 = 5*k - 3*o - 15 - 29. What is the tens digit of (-8 + 1)*(-11)/k?
1
Suppose -4*y = -4*a - 1492, 0 = -5*y - 5*a - 0*a + 1875. What is the hundreds digit of y?
3
Suppose -3*l = -4*l. Suppose l*x - 3*t + 125 = 2*x, -4*t = 2*x - 126. What is the tens digit of x?
6
Suppose 33*m = 23*m + 21030. What is the thousands digit of m?
2
Let f(h) = h + 26. Suppose 3*s - 1 - 8 = 0. Let p = s + -17. What is the tens digit of f(p)?
1
Let r(x) = 12*x**2 + 4. Let p be (-6)/(-3) + (2 - 0) - 2. What is the tens digit of r(p)?
5
Suppose -9 + 37 = -7*t. Let s = 37 - t. What is the units digit of s?
1
Suppose 5*d - 23 = -4*q, -4*d + 29 = 4*q + 9. Suppose 0 = q*x + 2 - 4. Let f(v) = v**2 + v - 1. What is the units digit of f(x)?
1
Let c(z) = -z**2 - 17*z + 8. Let s be c(-18). Let y(n) = 2*n**2 + n - 21. What is the tens digit of y(s)?
6
What is the units digit of 5/20 + (-55874)/(-56)?
8